{"id":4167,"date":"2023-08-03T15:15:01","date_gmt":"2023-08-03T13:15:01","guid":{"rendered":"https:\/\/iicbucarest.esteri.it\/?page_id=4167"},"modified":"2025-11-13T16:15:28","modified_gmt":"2025-11-13T15:15:28","slug":"consilieri-si-colaboratori","status":"publish","type":"page","link":"https:\/\/iicbucarest.esteri.it\/ro\/amministrazione-trasparente\/consilieri-si-colaboratori\/","title":{"rendered":"Consilieri \u0219i colaboratori"},"content":{"rendered":"<p>\u00cen ultimii trei ani nu au existat consilieri sau colaboratori la Institutul Italian de Cultur\u0103.<br \/>\n\u00cen aceast\u0103 sec\u021biune nu exist\u0103, a\u0219adar, date de publicat.<\/p>\n<p>Ultima actualizare: 13\/11\/2025<\/p>\n","protected":false},"excerpt":{"rendered":"\u00cen ultimii trei ani nu au existat consilieri sau colaboratori la Institutul Italian de Cultur\u0103. \u00cen aceast\u0103 sec\u021biune nu exist\u0103, a\u0219adar, date de publicat. Ultima actualizare: 13\/11\/2025","protected":false},"author":4,"featured_media":0,"parent":83,"menu_order":0,"comment_status":"closed","ping_status":"closed","template":"","meta":{"footnotes":""},"class_list":["post-4167","page","type-page","status-publish","hentry"],"_links":{"self":[{"href":"https:\/\/iicbucarest.esteri.it\/ro\/wp-json\/wp\/v2\/pages\/4167","targetHints":{"allow":["GET"]}}],"collection":[{"href":"https:\/\/iicbucarest.esteri.it\/ro\/wp-json\/wp\/v2\/pages"}],"about":[{"href":"https:\/\/iicbucarest.esteri.it\/ro\/wp-json\/wp\/v2\/types\/page"}],"author":[{"embeddable":true,"href":"https:\/\/iicbucarest.esteri.it\/ro\/wp-json\/wp\/v2\/users\/4"}],"replies":[{"embeddable":true,"href":"https:\/\/iicbucarest.esteri.it\/ro\/wp-json\/wp\/v2\/comments?post=4167"}],"version-history":[{"count":2,"href":"https:\/\/iicbucarest.esteri.it\/ro\/wp-json\/wp\/v2\/pages\/4167\/revisions"}],"predecessor-version":[{"id":10513,"href":"https:\/\/iicbucarest.esteri.it\/ro\/wp-json\/wp\/v2\/pages\/4167\/revisions\/10513"}],"up":[{"embeddable":true,"href":"https:\/\/iicbucarest.esteri.it\/ro\/wp-json\/wp\/v2\/pages\/83"}],"wp:attachment":[{"href":"https:\/\/iicbucarest.esteri.it\/ro\/wp-json\/wp\/v2\/media?parent=4167"}],"curies":[{"name":"wp","href":"https:\/\/api.w.org\/{rel}","templated":true}]}}

Consilieri și colaboratori

<p>În ultimii trei ani nu au existat consilieri sau colaboratori la Institutul Italian de Cultură.<br />
În această secțiune nu există, așadar, date de publicat.</p>
<p>Ultima actualizare: 13/11/2025</p>

În ultimii trei ani nu au existat consilieri sau colaboratori la Institutul Italian de Cultură. În această secțiune nu există, așadar, date de publicat. Ultima actualizare: 13/11/2025
